466211
In base 2, what is 10111110011110001100101100 - -1?
10111110011110001100101101
In base 2, what is 1100110111000001 - -111011010?
1100111110011011
In base 15, what is ca7 + 122a?
1ed2
In base 4, what is 1312222311032 - -3?
1312222311101
In base 6, what is -3 + 343333250?
343333243
In base 9, what is 3 + 373830828?
373830832
In base 7, what is -232 - -15024344?
15024112
In base 9, what is 17884810 + 3?
17884813
In base 2, what is -101001 + -1000011100100011011?
-1000011100101000100
In base 10, what is -5 + -1828768?
-1828773
In base 13, what is 13b + 31c03?
32041
In base 13, what is 2b0 + 2221c2?
2224a2
In base 9, what is 700735 + 28?
700764
In base 16, what is a06 - 83a?
1cc
In base 9, what is 30170 - -12680?
42860
In base 13, what is 2841 + 4c24?
7765
In base 6, what is -5123035 + -10?
-5123045
In base 8, what is -746 + 663047?
662101
In base 8, what is 3750 + 30564?
34534
In base 5, what is 144 - -3102424111?
3102424310
In base 14, what is -1 + b022c0?
b022bd
In base 16, what is 0 - -8a284b?
8a284b
In base 9, what is -13228 - 1433?
-14662
In base 15, what is 10 + -1e4019?
-1e4009
In base 7, what is 433 - 42365?
-41632
In base 3, what is -11002022 + 202112122?
121110100
In base 4, what is -2022 + 12122231?
12120203
In base 3, what is -221201201202 - 1021?
-221201210000
In base 11, what is 43 - 65309?
-65276
In base 9, what is 48 - -670850?
671008
In base 3, what is 2 + 111022100020102?
111022100020111
In base 16, what is -17b509 + 2?
-17b507
In base 2, what is -11011011011110001101011111 - 101?
-11011011011110001101100100
In base 13, what is -42949 + -17?
-42963
In base 8, what is -1220407 - -1300?
-1217107
In base 3, what is -2 + 10110211002202?
10110211002200
In base 15, what is -3 - 11aa9a?
-11aa9d
In base 4, what is 0 + -101012200?
-101012200
In base 8, what is -576603 + 1533?
-575050
In base 11, what is -24548 + -3a8a?
-28527
In base 5, what is -3314023234 - 24?
-3314023313
In base 3, what is 1101211020222 - 112?
1101211020110
In base 14, what is -123ca82 + 2?
-123ca80
In base 15, what is 96b6980 + 0?
96b6980
In base 13, what is -b690 + -53c1?
-13a81
In base 8, what is -16435 + -2546?
-21203
In base 9, what is -4268807 - 4?
-4268812
In base 14, what is -1004 + -54?
-1058
In base 2, what is 11000011110110010111100000 - 101?
11000011110110010111011011
In base 8, what is 2163 + -7204?
-5021
In base 5, what is -104432432 + 34?
-104432343
In base 7, what is -26 - -2516110?
2516051
In base 11, what is 0 - 1169688a?
-1169688a
In base 4, what is 12203 - -21233313?
21312122
In base 3, what is -22202 + 122221?
100012
In base 8, what is 355 + 10724271?
10724646
In base 9, what is -105424 + -7106?
-113531
In base 7, what is 1565625 + -3004?
1562621
In base 8, what is 3 + -3552050?
-3552045
In base 4, what is 10 - -11030100230000?
11030100230010
In base 14, what is 2b7 + 3661?
3938
In base 11, what is -9768 - 13691?
-22349
In base 16, what is -93 - 5c57e?
-5c611
In base 12, what is -66b - 10082?
-10731
In base 8, what is 3 - 63330307?
-63330304
In base 12, what is 5 - -10250381?
10250386
In base 16, what is -502 + -1f79c?
-1fc9e
In base 9, what is -125384 - 478?
-125873
In base 16, what is -32 - -1b849?
1b817
In base 3, what is -1 + -100112210220?
-100112210221
In base 3, what is -221021212 + 2021210?
-212000002
In base 10, what is 9051321 + 2?
9051323
In base 2, what is 0 - 100000110010011011110000?
-100000110010011011110000
In base 16, what is -149b173 - -c?
-149b167
In base 4, what is -21313231030 - 30?
-21313231120
In base 6, what is -22501223132 - -2?
-22501223130
In base 8, what is -247 + 443747?
443500
In base 11, what is -2 + -216434a?
-2164351
In base 9, what is -77180 + 114?
-77065
In base 2, what is 100 + -1010111011001111011101001?
-1010111011001111011100101
In base 5, what is 403 - -122322210?
122323113
In base 2, what is -11000001111110011 - -101001?
-11000001111001010
In base 9, what is 61513 - -104?
61617
In base 14, what is 12b + 1aa125?
1aa252
In base 5, what is -1044 - 1102320230?
-1102321324
In base 11, what is -3928 - 7845?
-10672
In base 6, what is -211 - 31423?
-32034
In base 10, what is 2811 + -1572?
1239
In base 3, what is -1022221111102221020 + 2?
-1022221111102221011
In base 2, what is 110010000100011010011000 - 11?
110010000100011010010101
In base 8, what is 217615746 + 5?
217615753
In base 3, what is -2111 - 12121011110100?
-12121011112211
In base 9, what is 6872 - 2066?
4805
In base 14, what is -22c6 + 956?
-1770
In base 15, what is 717ce4d + 0?
717ce4d
In base 11, what is -15a + -30187?
-30336
In base 9, what is 12272 + 3115?
15387
In base 3, what is 2 - 102020122021?
-102020122012
In base 4, what is 2 + 301332021?
301332023
In base 5, what is 1 + -103104300401?
-103104300400
In base 3, what is -1020 + 200100010101222?
200100010100202
In base 13, what is 1788 + -4368?
-28b0
In base 3, what is -12110122 + -101001202?
-120112101
In base 12, what is -140bb - -1a79?
-12242
In base 13, what is 243ba6b2 - 4?
243ba6ab
In base 15, what is -918 + -3740?
-4158
In base 7, what is 100556403 - -1?
100556404
In base 8, what is 45570200 + 5?
45570205
In base 12, what is 4 + a467345?
a467349
In base 9, what is 45161 - 30?
45131
In base 12, what is -169 - 4b506?
-4b673
In base 14, what is -a65bb - 24?
-a6601
In base 6, what is -14351545 - 2233?
-14354222
In base 10, what is -13 + 98961?
98948
In base 3, what is 20120220100000 + -120?
20120220022110
In base 4, what is 132 - -332010010?
332010202
In base 14, what is -4 + 626844a?
6268446
In base 16, what is -a + -347856e?
-3478578
In base 16, what is 0 - -591a933?
591a933
In base 16, what is 4 - 6fefaa4?
-6fefaa0
In base 9, what is 410 + 557365?
557775
In base 11, what is -94543 - 1172?
-95705
In base 6, what is 1200343 + 100431?
1301214
In base 2, what is 10111101111011 - 1001100?
10111100101111
In base 9, what is 15001 + -84376?
-68375
In base 2, what is -101101010 - 1000001101001101?
-1000010010110111
In base 10, what is -1843217 - -5?
-1843212
In base 9, what is 1071 - -4881?
6062
In base 7, what is -13255 - -1634?
-11321
In base 16, what is -6 + 23986f?
239869
In base 2, what is 1111110 - 110101011111100?
-110101001111110
In base 7, what is -15624 - -124661?
106034
In base 10, what is -15357 + -151?
-15508
In base 12, what is -2 - 27207247?
-27207249
In base 3, what is 2002101 + -1211111020?
-1202101212
In base 3, what is -12111 - 201000111210?
-201000201021
In base 12, what is 36 + -470271?
-470237
In base 6, what is 3045 + 32050?
35135
In base 12, what is 15b954a4 + 5?
15b954a9
In base 16, what is c7 - -4d709?
4d7d0
In base 2, what is 100101101001000 - -11011001000?
101001000010000
In base 2, what is 1101011001011000001111101 - -101?
1101011001011000010000010
In base 12, what is 2382b - 1b14?
21917
In base 2, what is 100100110 - -100011000101111110?
100011001010100100
In base 7, what is -15241 + -4242?
-22513
In base 16, what is -11e91b + -4?
-11e91f
In base 16, what is -8 + 9d280?
9d278
In base 15, what is -4 - 23d95651?
-23d95655
In base 3, what is 12 - 21110111110102?
-21110111110020
In base 2, what is -100111000100100111101111 + 10?
-100111000100100111101101
In base 14, what is -11c24a2 - 2?
-11c24a4
In base 7, what is -15155222 - 41?
-15155263
In base 10, what is -572743 + -127?
-572870
In base 4, what is -323213113022 + -2?
-323213113030
In base 10, what is -23389220 + 0?
-23389220
In base 5, what is 2114124 - 1220?
2112404
In base 9, what is 2 + -2581855?
-2581853
In base 16, what is -2 + 1d3134?
1d3132
In base 2, what is -101 - -1001000001001011100000011100?
1001000001001011100000010111
In base 16, what is 2e53ba - 1c?
2e539e
In base 15, what is 42e6e - -d?
42e7c
In base 13, what is -c470 + -59a?
-ca3a
In base 7, what is 5 - 2511104655?
-2511104650
In base 16, what is 2b8d4b + 48?
2b8d93
In base 10, what is -67293 + -80?
-67373
In base 16, what is 16a59 - 59?
16a00
In base 9, what is 485003400 - -3?
485003403
In base 11, what is 84111 - 1a61?
82160
In base 16, what is c - 10b2?
-10a6
In base 6, what is 1445 + 1150421?
1152310
In base 7, what is -1 + -2614135?
-2614136
In base 12, what is -16 + -12bb4ba?
-12bb514
In base 7, what is -240331515 + 2?
-240331513
In base 2, what is 0 - -1100101110110101000110001?
1100101110110101000110001
In base 3, what is 1 - -112220